 k*j = 225. What is the tens digit of w?
4
Suppose -3*y - 4*z = y + 72, 15 = 5*z. Let u be 312/(-56) + 9/y. What is the units digit of 2*3*(-1)/u?
1
Let v be -4 - (-1 + -2) - -1. Suppose 8*t + 0*t - 424 = v. Suppose -19 = -3*h + t. What is the units digit of h?
4
Suppose -4*c - 8736 = -8*c + b, -c + 2184 = -2*b. What is the units digit of c?
4
Let p(v) = 17*v - 1. Let j be p(2). Let z = 38 - j. Suppose 25 = z*i, -h + 2*i - 16 = -2*h. What is the units digit of h?
6
Suppose 4*g - 654 - 106 = 0. What is the tens digit of g?
9
Let b be ((-6)/(-12))/((-1)/(-4)). Suppose -t + b*y + 1 = -9, -30 = -3*t + 4*y. What is the units digit of t?
0
Let y be 4 + (-1 - (-2)/(-2)). Suppose 0 = 5*n - 6*n + y. Suppose -165 = -7*g + n*g. What is the tens digit of g?
3
Let y(h) = 3*h**2 + 19*h - 9. Let u(t) = -t**2 - 14*t - 43. Let b be u(-11). What is the hundreds digit of y(b)?
1
Let x(k) = k**3 - 9*k**2 + 2*k - 11. Let o be x(9). Let n(m) = -m**2 + 5*m + 7. Let z be n(o). Let a = z - -34. What is the units digit of a?
7
Let d be 26/(((-25)/(-20))/5). Suppose -99*s = -d*s + 930. What is the hundreds digit of s?
1
Suppose -5*z - u = -9*z + 1340, -5*u - 354 = -z. What is the hundreds digit of z?
3
Let a(h) be the first derivative of h**3/3 + h**2 + h - 7. What is the units digit of a(-3)?
4
Let a be 28 + (-12)/(2 - -1). Suppose a + 12 = -4*d. What is the tens digit of d/(-6) - 109/(-2)?
5
Let v = -2 + 8. Let z be 5/(-2)*(-36)/v. What is the tens digit of 552/z - (-1)/5?
3
Let h(q) = 2*q - 4. Let o be h(3). Let u be (3 - 3)/o - -4. Suppose -y - 2*p + 42 = 0, -u*p + 46 = -3*y + 182. What is the units digit of y?
4
Suppose 18*u - 17*u = -5*h + 7629, 3048 = 2*h + 4*u. What is the tens digit of h?
2
Suppose p - 8 = a, 4*p + a + 3*a = 56. Suppose -174 = -p*d + 10*d. What is the units digit of d?
4
Suppose 32 = 4*n - 8*n. Let p be 2/n*2*0. Suppose -5*o + 86 - 16 = p. What is the tens digit of o?
1
Let d be 3*1/15 - 12/60. Suppose d = -23*h + 10*h + 1027. What is the units digit of h?
9
Suppose -36*z + 41*z - 10 = 0. Suppose -z*m = 3*m + 3*f - 519, -2*f - 504 = -5*m. What is the tens digit of m?
0
Let i(w) = w + 3. Let y be i(0). Suppose -d = -0 - y. Suppose d*a - 4*z = 64, 7*z = -3*a + 4*z + 78. What is the tens digit of a?
2
Let f = -266 - -183. Let g = f - -117. Suppose 31 = 5*v - g. What is the tens digit of v?
1
Let z = 4 - 1. Suppose 4 = -s + 1, -z*b + 3*s - 3 = 0. What is the tens digit of 21 + (-2)/(2 + b)?
2
Suppose -4*v - 17 = 111. Let c = v + 82. What is the tens digit of c?
5
Suppose 0 = -75*q - 12992 + 92342. What is the tens digit of q?
5
Let i = 274 + -199. What is the units digit of i?
5
What is the thousands digit of (-3)/(-6) + 16248/16?
1
Let k(b) = b**3 + 12*b**2 - 14*b - 36. Let r be k(-12). What is the units digit of -20*((-1)/(-2))/((-11)/r)?
0
Let a = -21 + 33. Suppose p - a = -2*p. Suppose -11 = p*z - 39. What is the units digit of z?
7
Suppose -20*u = -24*u + 8. Let y(w) = -w**3 + 7*w**2 - 5*w - 6. Let j be y(6). Suppose -2*b = -0*b + p - 86, j = u*p + 4. What is the tens digit of b?
4
Suppose -103*n - 21339 = -70882. What is the units digit of n?
1
Suppose 2*h - 8740 = -4*r, 0 = -5*r - 38*h + 33*h + 10935. What is the units digit of r?
3
Let s = -229 - -791. What is the units digit of s?
2
Suppose -2*c + 11 = 3*s - c, 5*s - 15 = -c. Let g be 3/s*-2 - -62. Let d = -35 + g. What is the units digit of d?
4
Suppose 6*m + 2 = 14. Suppose -m*g = 3*g - 540. What is the units digit of g?
8
Let x(p) = -354*p + 48. What is the thousands digit of x(-3)?
1
Suppose -2*m - 2*v - 82 = 0, -v - 2*v + 62 = -2*m. Let y = -32 - m. Suppose -y*g = -95 - 20. What is the tens digit of g?
2
Let u(o) = o**2 + 8*o + 7. Let b be u(-7). Suppose b*r - 124 = -4*r + 4*z, 0 = 5*r + 5*z - 185. What is the tens digit of r?
3
Let o(x) = x**2 - 8*x - 13. Let c be o(10). Suppose 0 = -f + 3*k + 25, k = -c*f + 4*f + 55. What is the units digit of f?
9
Suppose -5*a - 8 - 12 = 0. Let w be 11*(3 - a)*1. What is the units digit of w/4 - (-2)/(-8)?
9
Suppose 6*d = 3*d + 3*o - 12, -5*d - 5*o + 20 = 0. Let j(a) = a**3 + a**2 + 22. What is the tens digit of j(d)?
2
Let v(n) = 6*n**2 - 21*n**2 - 2 - 3*n + 3*n**2 - 3*n**3 + 9*n**2. What is the tens digit of v(-3)?
6
Let z(a) = a**3 - 11*a**2 + 13*a - 18. What is the tens digit of z(12)?
8
Let g(p) = -p**3 + 5*p**2 + 7*p. Suppose -5*h = r - 8*h - 21, -4*r + 44 = -4*h. What is the units digit of g(r)?
6
Let j = -20 - -12. Let o(i) = i**2 + 7*i - 4. Let w be o(j). Suppose 2*h - w*b = h, -3*h + b + 33 = 0. What is the units digit of h?
2
What is the thousands digit of (-1 - 1)/((-10)/7730)?
1
Let x = 5 - -2. Let v = 16 - x. Suppose d - v - 7 = 0. What is the tens digit of d?
1
Let w = 670 - -337. What is the units digit of w?
7
Let k(g) = g**2 + 37*g - 117. What is the units digit of k(40)?
3
Let d = 1850 - 857. What is the units digit of d?
3
Let u(q) = -183*q + 14. What is the tens digit of u(-5)?
2
Let b = -6 - -11. Suppose -2*g + 15 = -b*i, -g - 12 = g + 4*i. Suppose g = -2*p - 5*p + 259. What is the units digit of p?
7
Let y(a) = 21*a + 82. Let m(c) = 2*c. Let r(k) = -m(k) + y(k). What is the units digit of r(8)?
4
Suppose 4*a - 4*d - 184 = 0, 0 = 5*a + d + 2*d - 238. What is the tens digit of a?
4
Suppose 3*k + 0*k - 6 = 0. Suppose -98 = -3*v + k*l, 0*v + 3*v - 70 = -5*l. What is the tens digit of v?
3
Let o be (-8)/(-60) + 686/30. Suppose -b - o - 250 = -3*i, -363 = -4*i + b. Suppose 2*c = 5*c - i. What is the tens digit of c?
3
Suppose -3*k + 5*m = -1725, -2*k + k + 586 = 2*m. Suppose f = 6*f - k. What is the tens digit of f?
1
What is the hundreds digit of -17 - -1643 - (7 + 2 + -4)?
6
Let j = -7 - -11. Suppose o + 11 = -j*d, o - 3*d = -2*o + 27. Let c(k) = -k**2 + 11*k + 6. What is the units digit of c(o)?
6
Suppose 6*z - 2*z - q + 394 = 0, 3*q - 489 = 5*z. Let w = z + 198. What is the units digit of w?
9
Let w be (52/8 + -3)*2. Suppose 8 = n + 4. Suppose -n*v - w = -5*v. What is the units digit of v?
7
Let y = 4 + 7. Let q(a) = -2*a + 15. Let l be q(y). What is the tens digit of (5/2)/(l/(-98))?
3
Let k(c) = -c**2 + 2*c + 43. Suppose -a = -0*a. What is the tens digit of k(a)?
4
Let m(r) be the first derivative of r**4/2 - r**3 + r**2 + 2*r - 14. Let q be m(2). Suppose -q*k + 36 = -4*k. What is the units digit of k?
6
Suppose 0 = 6*x + 35 + 253. Let r be 2/3 + (-1248)/(-18). Let f = r + x. What is the tens digit of f?
2
Suppose 2*u - 116 = -4*j, j = 4*j + 3. Let b = 120 - u. What is the tens digit of b?
6
Suppose 0 = g + 2222 + 312. What is the hundreds digit of (-6)/15 - g/10 - -2?
2
Let k(u) = -u**3 - 4*u**2 - 5*u - 4. Let z(y) = -y - 1. Let p be z(2). Let x be k(p). Suppose 0 = -5*b + 10, -g - 4*g = -4*b - x. What is the units digit of g?
2
Suppose 7 = -n + 11. Suppose 0 = -n*u - 0*u - 4. What is the units digit of 29/(4 + -2 + u)?
9
What is the units digit of ((-616)/6)/((-19)/57)?
8
Suppose 6*q - 10 = 14. Suppose -5*h + s - 6*s + 180 = 0, -3*h + 113 = q*s. What is the units digit of h?
1
Let c = 30 - 57. Let q = c + 28. What is the tens digit of (44 + (-4)/1)/q?
4
Let p be (0 - (1 + -2))*11. Let c = -7 + p. Suppose -304 = -c*w - 36. What is the units digit of w?
7
Suppose p - 1399 = -4*h, -h + 937 = -3*p + 5134. What is the hundreds digit of p?
3
Let r = 23 - 16. Suppose -21 = 2*v + r. What is the tens digit of 4/v + (-363)/(-21)?
1
Let v be 49/(((-12)/14)/(-6)). Suppose 5*r = -2*n - 2*n + v, -4*r + 5*n + 258 = 0. What is the units digit of r?
7
Let u = 842 - 395. What is the tens digit of u?
4
Suppose 4*m + 36 = 5*h, -2*h - h + m + 16 = 0. Suppose 2*z + h*l - 68 = 0, l - 1 = 2*l. What is the units digit of z?
6
Let p be (-3 - -7)/(-4) - -35. Let l be p/(-6)*(-4 - -1). Let z = l - 6. What is the units digit of z?
1
Let c(j) = 176*j + 2. Let b be c(1). Suppose 0 = 5*d - 3*u - 306, 0 = 6*d - 3*d + u - b. What is the tens digit of d?
6
What is the units digit of (((-912)/(-15))/(-4))/(2/(-190))?
4
Suppose -y + r = 3, 0*y - 3*y - 2*r = 4. Let a(d) = -70*d + 17. What is the units digit of a(y)?
7
Suppose -2*x + 4*r = -12, -2*x - 3*r + 16 + 17 = 0. Suppose 30 = 3*s + x. What is the units digit of s?
6
What is the units digit of (-3)/30 + 514815/150?
2
Let r(o) = o**3 - 5*o**2 + 2*o + 4. Let k(c) = -c**2 + 10*c + 5. Let x be k(9). Let b